{"id":7984,"date":"2019-12-28T17:51:38","date_gmt":"2019-12-28T17:51:38","guid":{"rendered":"https:\/\/epood.subaruhooldus.ee\/?post_type=product&#038;p=7984"},"modified":"2020-01-07T13:08:28","modified_gmt":"2020-01-07T13:08:28","slug":"p441","status":"publish","type":"product","link":"https:\/\/epood.subaruhooldus.ee\/?product=p441","title":{"rendered":"P441"},"content":{"rendered":"<table>\n<tbody>\n<tr>\n<td>NAZWA<\/td>\n<td colspan=\"3\"><strong>Tuleja \u0142\u0105cznika stabilizatora przedniego i tylnego<\/strong><\/td>\n<td colspan=\"3\" rowspan=\"3\"><\/td>\n<\/tr>\n<tr>\n<td>KOD DEUTER<\/td>\n<td colspan=\"3\"><strong>P441<\/strong><\/td>\n<\/tr>\n<tr>\n<td>\u00a0NR OE<\/td>\n<td colspan=\"3\"><\/td>\n<\/tr>\n<tr>\n<td colspan=\"7\">\u00a0<strong>KOMPLET NA AUTO TO 6 SZT. &#8211; 4SZT. NA TY\u0141 + EW. 2SZT. NA PRZ\u00d3D<\/strong><\/td>\n<\/tr>\n<tr>\n<td>ELEMENTY ZESTAWU<\/td>\n<td>KOD DEUTER<\/td>\n<td>SZT.<\/td>\n<td>\u00d8\u00a0(mm)<\/td>\n<td colspan=\"3\">TWARDO\u015a\u0106 ShA<\/td>\n<\/tr>\n<tr>\n<td>\u00a0Tuleja \u0142\u0105cznika stabilizatora przedniego i tylnego<\/td>\n<td><strong>P441<\/strong><\/td>\n<td><strong>1<\/strong><\/td>\n<td><strong>\u00a028<\/strong><\/td>\n<td><strong>75<\/strong><\/td>\n<td><strong>85<\/strong><\/td>\n<td><strong>90<\/strong><\/td>\n<\/tr>\n<tr>\n<td>SMAR<\/td>\n<td><strong>SS5G<\/strong><\/td>\n<td><strong>\u00a0 1\u00a0<\/strong><\/td>\n<td><\/td>\n<td><\/td>\n<td><\/td>\n<td><\/td>\n<\/tr>\n<tr>\n<td colspan=\"7\"><\/td>\n<\/tr>\n<tr>\n<td>ZASTOSOWANIE<\/td>\n<td colspan=\"6\"><strong>Forester S10, r.97&gt;98<br \/>\nImpreza Turbo, WRX &amp; STI GC,GF 93-00<br \/>\nImpreza Turbo, WRX &amp; STI GD,GG 00-07<br \/>\nLegacy BD, BG 93-99<br \/>\nLegacy BE, BH 98-04<\/strong><\/td>\n<\/tr>\n<\/tbody>\n<\/table>\n","protected":false},"excerpt":{"rendered":"<p>NAZWA Tuleja \u0142\u0105cznika stabilizatora przedniego i tylnego KOD DEUTER P441 \u00a0NR OE \u00a0KOMPLET NA AUTO TO 6 SZT. &#8211; 4SZT. NA TY\u0141 + EW. 2SZT. NA PRZ\u00d3D ELEMENTY ZESTAWU KOD DEUTER SZT. \u00d8\u00a0(mm) TWARDO\u015a\u0106 ShA \u00a0Tuleja \u0142\u0105cznika stabilizatora przedniego i tylnego P441 1 \u00a028 75 85 90 SMAR SS5G \u00a0 1\u00a0 ZASTOSOWANIE Forester S10, r.97&gt;98<span class=\"read-more-faq\"><a href=\"https:\/\/epood.subaruhooldus.ee\/?product=p441\">Read More<\/a><\/span><\/p>\n","protected":false},"featured_media":7985,"template":"","meta":{"_monsterinsights_skip_tracking":false,"_monsterinsights_sitenote_active":false,"_monsterinsights_sitenote_note":"","_monsterinsights_sitenote_category":0},"product_brand":[],"product_cat":[267,268,269,282,283],"product_tag":[265,278,286],"class_list":{"0":"post-7984","1":"product","2":"type-product","3":"status-publish","4":"has-post-thumbnail","6":"product_cat-forester-1997-2002-deuter","7":"product_cat-impreza-1992-2000-deuter","8":"product_cat-impreza-2000-deuter","9":"product_cat-legacy-outback-1994-1999-deuter","10":"product_cat-legacy-outback-1999-2003-deuter","11":"product_tag-deuter-forester","12":"product_tag-deuter-impreza","13":"product_tag-deuter-legacy","15":"first","16":"onbackorder","17":"taxable","18":"shipping-taxable","19":"product-type-simple"},"aioseo_notices":[],"_links":{"self":[{"href":"https:\/\/epood.subaruhooldus.ee\/index.php?rest_route=\/wp\/v2\/product\/7984","targetHints":{"allow":["GET"]}}],"collection":[{"href":"https:\/\/epood.subaruhooldus.ee\/index.php?rest_route=\/wp\/v2\/product"}],"about":[{"href":"https:\/\/epood.subaruhooldus.ee\/index.php?rest_route=\/wp\/v2\/types\/product"}],"version-history":[{"count":2,"href":"https:\/\/epood.subaruhooldus.ee\/index.php?rest_route=\/wp\/v2\/product\/7984\/revisions"}],"predecessor-version":[{"id":8708,"href":"https:\/\/epood.subaruhooldus.ee\/index.php?rest_route=\/wp\/v2\/product\/7984\/revisions\/8708"}],"wp:featuredmedia":[{"embeddable":true,"href":"https:\/\/epood.subaruhooldus.ee\/index.php?rest_route=\/wp\/v2\/media\/7985"}],"wp:attachment":[{"href":"https:\/\/epood.subaruhooldus.ee\/index.php?rest_route=%2Fwp%2Fv2%2Fmedia&parent=7984"}],"wp:term":[{"taxonomy":"product_brand","embeddable":true,"href":"https:\/\/epood.subaruhooldus.ee\/index.php?rest_route=%2Fwp%2Fv2%2Fproduct_brand&post=7984"},{"taxonomy":"product_cat","embeddable":true,"href":"https:\/\/epood.subaruhooldus.ee\/index.php?rest_route=%2Fwp%2Fv2%2Fproduct_cat&post=7984"},{"taxonomy":"product_tag","embeddable":true,"href":"https:\/\/epood.subaruhooldus.ee\/index.php?rest_route=%2Fwp%2Fv2%2Fproduct_tag&post=7984"}],"curies":[{"name":"wp","href":"https:\/\/api.w.org\/{rel}","templated":true}]}}