{"id":7933,"date":"2019-12-28T17:22:29","date_gmt":"2019-12-28T17:22:29","guid":{"rendered":"https:\/\/epood.subaruhooldus.ee\/?post_type=product&#038;p=7933"},"modified":"2020-01-07T10:36:38","modified_gmt":"2020-01-07T10:36:38","slug":"kpl1100","status":"publish","type":"product","link":"https:\/\/epood.subaruhooldus.ee\/?product=kpl1100","title":{"rendered":"KPL1100"},"content":{"rendered":"<table>\n<tbody>\n<tr>\n<td>NAZWA<\/td>\n<td colspan=\"2\">Tuleje tylnego dr\u0105\u017cka stabilizatora<br \/>\nSUBARU<\/td>\n<td colspan=\"5\" rowspan=\"3\"><\/td>\n<\/tr>\n<tr>\n<td>KOD DEUTER<\/td>\n<td colspan=\"2\">KPL1100<\/td>\n<\/tr>\n<tr>\n<td>NR OE<\/td>\n<td colspan=\"2\">&#8211;<\/td>\n<\/tr>\n<tr>\n<td colspan=\"8\"><\/td>\n<\/tr>\n<tr>\n<td colspan=\"2\">ELEMENTY ZESTAWU<\/td>\n<td>KOD<\/td>\n<td>SZT.<\/td>\n<td>\u00d8 (mm)<\/td>\n<td colspan=\"3\">TWARDO\u015a\u0106\u00a0ShA<\/td>\n<\/tr>\n<tr>\n<td colspan=\"2\">Tuleja tylnego dr\u0105\u017cka stabilizatora<\/td>\n<td>1100<\/td>\n<td>2<\/td>\n<td>14~17<\/td>\n<td>75<\/td>\n<td>85<\/td>\n<td>&#8211;<\/td>\n<\/tr>\n<tr>\n<td colspan=\"2\">Smar silikonowy do monta\u017cu<\/td>\n<td>SS5G<\/td>\n<td>1<\/td>\n<td>&#8211;<\/td>\n<td>&#8211;<\/td>\n<td>&#8211;<\/td>\n<td>&#8211;<\/td>\n<\/tr>\n<tr>\n<td colspan=\"8\"><\/td>\n<\/tr>\n<tr>\n<td>ZASTOSOWANIE<\/td>\n<td colspan=\"7\">SUBARU IMPREZA hatchback (GR, GH, G3)<br \/>\n1.5 F, 1.5 Nap\u0119d na 4 ko\u0142a, 2.0, 2.0 i Nap\u0119d na 4 ko\u0142a, 2.0 D Nap\u0119d na 4 ko\u0142a<br \/>\nSUBARU FORESTER (SH)<\/td>\n<\/tr>\n<\/tbody>\n<\/table>\n","protected":false},"excerpt":{"rendered":"<p>NAZWA Tuleje tylnego dr\u0105\u017cka stabilizatora SUBARU KOD DEUTER KPL1100 NR OE &#8211; ELEMENTY ZESTAWU KOD SZT. \u00d8 (mm) TWARDO\u015a\u0106\u00a0ShA Tuleja tylnego dr\u0105\u017cka stabilizatora 1100 2 14~17 75 85 &#8211; Smar silikonowy do monta\u017cu SS5G 1 &#8211; &#8211; &#8211; &#8211; ZASTOSOWANIE SUBARU IMPREZA hatchback (GR, GH, G3) 1.5 F, 1.5 Nap\u0119d na 4 ko\u0142a, 2.0, 2.0<span class=\"read-more-faq\"><a href=\"https:\/\/epood.subaruhooldus.ee\/?product=kpl1100\">Read More<\/a><\/span><\/p>\n","protected":false},"featured_media":7934,"template":"","meta":{"_monsterinsights_skip_tracking":false,"_monsterinsights_sitenote_active":false,"_monsterinsights_sitenote_note":"","_monsterinsights_sitenote_category":0},"product_brand":[],"product_cat":[264,270],"product_tag":[265,278],"class_list":{"0":"post-7933","1":"product","2":"type-product","3":"status-publish","4":"has-post-thumbnail","6":"product_cat-forester-2008-deuter","7":"product_cat-impreza-2008-deuter","8":"product_tag-deuter-forester","9":"product_tag-deuter-impreza","11":"first","12":"onbackorder","13":"taxable","14":"shipping-taxable","15":"product-type-simple"},"aioseo_notices":[],"_links":{"self":[{"href":"https:\/\/epood.subaruhooldus.ee\/index.php?rest_route=\/wp\/v2\/product\/7933","targetHints":{"allow":["GET"]}}],"collection":[{"href":"https:\/\/epood.subaruhooldus.ee\/index.php?rest_route=\/wp\/v2\/product"}],"about":[{"href":"https:\/\/epood.subaruhooldus.ee\/index.php?rest_route=\/wp\/v2\/types\/product"}],"version-history":[{"count":2,"href":"https:\/\/epood.subaruhooldus.ee\/index.php?rest_route=\/wp\/v2\/product\/7933\/revisions"}],"predecessor-version":[{"id":8739,"href":"https:\/\/epood.subaruhooldus.ee\/index.php?rest_route=\/wp\/v2\/product\/7933\/revisions\/8739"}],"wp:featuredmedia":[{"embeddable":true,"href":"https:\/\/epood.subaruhooldus.ee\/index.php?rest_route=\/wp\/v2\/media\/7934"}],"wp:attachment":[{"href":"https:\/\/epood.subaruhooldus.ee\/index.php?rest_route=%2Fwp%2Fv2%2Fmedia&parent=7933"}],"wp:term":[{"taxonomy":"product_brand","embeddable":true,"href":"https:\/\/epood.subaruhooldus.ee\/index.php?rest_route=%2Fwp%2Fv2%2Fproduct_brand&post=7933"},{"taxonomy":"product_cat","embeddable":true,"href":"https:\/\/epood.subaruhooldus.ee\/index.php?rest_route=%2Fwp%2Fv2%2Fproduct_cat&post=7933"},{"taxonomy":"product_tag","embeddable":true,"href":"https:\/\/epood.subaruhooldus.ee\/index.php?rest_route=%2Fwp%2Fv2%2Fproduct_tag&post=7933"}],"curies":[{"name":"wp","href":"https:\/\/api.w.org\/{rel}","templated":true}]}}