{"id":16,"date":"2019-10-29T11:41:12","date_gmt":"2019-10-29T11:41:12","guid":{"rendered":"https:\/\/epood.subaruhooldus.ee\/?page_id=16"},"modified":"2025-07-14T11:28:55","modified_gmt":"2025-07-14T08:28:55","slug":"garantii","status":"publish","type":"page","link":"https:\/\/epood.subaruhooldus.ee\/?page_id=16","title":{"rendered":"Garantii"},"content":{"rendered":"\n<p><a href=\"https:\/\/www.ttja.ee\/et\/tarbijale\/puudusega-toote-tagastamine\">https:\/\/www.ttja.ee\/et\/tarbijale\/puudusega-toote-tagastamine<\/a><\/p>\n\n\n\n<p>Garantii uutele varuosadele kehtib vastavalt tootjate poolsetele tingimustele.<\/p>\n\n\n\n<p>Toodetele, millele on auto valmistaja poolt etten\u00e4htud kindel vahetusv\u00e4lp (filtrid, k\u00fc\u00fcndlad jne.) l\u00fcheneb garantii auto valmistaja poolt m\u00e4\u00e4ratud l\u00e4bis\u00f5idule.<br>1. Garantii kehtib ainult Subaruhooldus O\u00dc poolt m\u00fc\u00fcdud kaupadele.<br>2. Garantii katab toote materjali ja valmistusvead. Garantii alla ei kuulu ekspluatatsiooni k\u00e4igus toodete normaalne kulumine (n\u00e4iteks piduriklotside loomulik kulumine).<br>Materjali- v\u00f5i valmistusvealise toote puhul kohustub Subaruhooldus O\u00dc remontima, v\u00e4lja vahetama v\u00f5i h\u00fcvitama vealise toote juhul, kui materjali v\u00f5i valmistusvead on p\u00f5hjustanud toote kasutusk\u00f5lbmatuks muutmise.<br>Garantii alla ei kuulu vead, mis on p\u00f5hjustatud<br>-normaalsest kulumisest;<br>-puudulikust hooldamisest;<br>-valedest t\u00f6\u00f6v\u00f5tetest paigaldusel;<br>-valest kasutamisest;<br>-muudest v\u00e4listeguritest p\u00f5hjustatud vigadest;<br>-v\u00f5istlustelkasutatavate autode varuosad;<br>3. Garantiiaeg algab, kui toode antakse Subaruhooldus O\u00dc poolt \u00fcle selle tarbijale, antud juhul kliendile. Garantii kehtib toote esimesele kasutajale. Toote v\u00f5i osa \u00fcmbervahetamine ei pikenda esialgset garantiiaega.<br>4. Garantiid puudutav avaldus tuleb teha Subaruhooldus  O\u00dc-le esimesel v\u00f5imalusel.<br>Garantiile tuleb lisada:<br>-defekteeritav toode;<br>-toote ostmise kuup\u00e4ev, arve number;<br>-toote kasutuselev\u00f5tu kuup\u00e4ev;<br>-toote kasutuselev\u00f5tul auto l\u00e4bis\u00f5it;<br>-kasutuses olnud kilomeetraa\u017e;<br>-vea ilmnemise kuup\u00e4ev;<br>-demonteerimise kuup\u00e4ev;<br>-toote demonteerimisel auto l\u00e4bis\u00f5it;<br>-kasutuskoht (auto\/seadme mark, valmistusaasta, reg-nr, VIN kood);<br>-t\u00e4pne vea selgitus ja p\u00f5hjus (ei aksepteerita selgitusi nagu katki, ei t\u00f6\u00f6ta, ei sobi kliendi autole jne);<br>-lisainfot andva isiku nimi ja kontakttelefon;<br>-paigaldusfirma nimi, kontaktandmed ja antud firmas paigaldust t\u00f5endava dokumendi koopia;<br>&#8211; garantiitalong kui see on vastaval tootel olemas;<br>5. Garantiitingimused elektroonikaseadmete puhul<br>-antud detail on paigaldatud autoesinduses;<br>-antud detail on paigaldatud selleks spetsialiseerunud firmades kus paigaldajaks oli vastavat kvalifikatsiooni omav t\u00f6\u00f6taja;<br>6. Garantii ei kehti elektroonikaseadmetele j\u00e4rgmistel juhtudel<br>-kui elektroonikaseadmed ei ole paigaldatud selleks spetsialiseerunud ettev\u00f5tetes;<br>-kui toode on paigaldatud t\u00f6\u00f6kodades, kus puuduvad selleks vastavad t\u00f6\u00f6vahendid;<br>&#8211; kui toode on paigaldatud elektroonikaalast kvalifikatsiooni mitteomava isiku poolt;<br>&#8211;<strong>SOOVITAME KLIENDIL ALATI VEENDUDA PAIGALDAJA KVALIFIKATSIOONI OLEMASOLUS ENNE TOOTE PAIGALDUST JA ALATI K\u00dcSIDA PAIGALDUST T\u00d5ENDAV DOKUMENT!<\/strong><br>7. Subaruhooldus  O\u00dc m\u00fc\u00fcdud toote maaletoojal v\u00f5i tootjal on \u00f5igus vea v\u00e4ljaselgitamiseks vealine toode lahti v\u00f5tta.<br>8. Kui klient ei ole n\u00f5us meie garantiiotsusega, antakse kliendile v\u00f5imalus tellida erapooletu ekspertiis kliendi kulul. Erapooletu ekspertiis peab olema m\u00f5lemalt poolt aksepteeritav. Juhul kui erapooletu eksperdi otsus on positiivne, h\u00fcvitab Subaruhooldus O\u00dc ekspertiisikulud.<br>9. Kui selgub, et toode, mis on garantiijuhtumi vajadusel tootja tehasesse ekspertiisi saadetud, vastab tootja sertifikaadile, standarditele ja kauba tehnilises dokumentatsioonis m\u00e4rgitud tehnilistele tingimustele ning on t\u00e4iesti t\u00f6\u00f6korras v\u00f5i see on saanud kahjustada omavolilise parandamise, osade asendamise jms. t\u00f5ttu, siis sellele kaubale garantiiparandust, asendust, rahalist h\u00fcvitamist ei sooritata.<br><strong>10. Subaruhooldus O\u00dc ei kohustu h\u00fcvitama garantii ajal riknenud toodete vahetusega kaasnevaid kulusid.<\/strong><br>11. Vealist toodet, mis on h\u00fcvitatud, ei tagastata.<br>12. <strong>Garantiilise toote tarnekulud Subaruhooldus <\/strong> <strong>O\u00dc-le, tasub klient.<br><\/strong>13. <strong>Garantiilise toote kontrollimine v\u00f5ib v\u00f5tta aega kuni 3 kuud<\/strong>. Antud ajaks on kliendil v\u00f5imalus soetada uus toode omal kulul. Kui selgub, et garantiisse saadetud toode on tootmisveaga\/defektne, tagastatakse kliendile tasutud summa garantiilise toote eest.<br>14. Garantiilise toote kontrollimist ei teosta Subaruhooldus  O\u00dc kuna puudub selleks p\u00e4devus.<\/p>\n\n\n\n<h4 class=\"wp-block-heading\">PRETENSIOONI ESITAMISE TINGIMUSED:<\/h4>\n\n\n\n<p>Tarbijal on \u00f5igus pretensiooni esitada&nbsp; kauba v\u00f5i osutatud teenuse kohta, kui see ei vasta lepingutingimustele, kahe (2) aasta jooksul alates ostu kuup\u00e4evast.<\/p>\n\n\n\n<p>Pretensiooni esitajal peab olema ostetud toote v\u00f5i teenuse kohta ostu t\u00f5endav dokument (arve), mille alusel ostja t\u00f5estab ostu sooritamise kuup\u00e4eva. Tarbija peab teatama asja lepingutingimustele esimesel v\u00f5imalusel p\u00e4rast seda, kui ta sai mittevastavusest teada.<\/p>\n\n\n\n<p>Lepingutingimustele mittevastavuse tuvastab kas tootja v\u00f5i maaletooja. Lepingutingimustele mittevastava toote tagastamisel kauplejale tuleb tagastada ostetud kauba k\u00f5ik osad.<\/p>\n\n\n\n<p><strong>Kui kauba v\u00f5i teenuse ostmisest, mille kohta tarbija on esitanud lepingutingimustele mittevastavusest pretensiooni, on m\u00f6\u00f6dunud kuni kuus (6) kuud, kohustub Kaupleja t\u00f5estama lepingutingimustele mittevastavuse olemasolu.<\/strong> P\u00e4rast 6 kuu m\u00f6\u00f6dumist on aga tarbija kohustatud t\u00f5endama, et varjatud puudus v\u00f5i muu lepingutingimustele mittevastavus oli olemas juba kauba v\u00f5i teenuse ostmisel. <strong>Peale kuue kuu m\u00f6\u00f6dumist tuleb tarbijal p\u00f5hjendada ning t\u00f5endada, et mittevastavus oli olemas asja \u00fcleandmise ajal ehk kaupleja m\u00fc\u00fcs talle puudusega asja.<\/strong> M\u00fc\u00fcja ei vastuta ebatavaliselt l\u00fchikese kasutusperioodi j\u00e4rel tekkinud puuduse eest, kui toodet on kasutatud tunduvalt suurema intensiivsusega , kui seda tavap\u00e4raselt tarbijalt v\u00f5ib m\u00f5istlikult eeldada.<\/p>\n\n\n\n<p>Kaupleja ei vastuta m\u00fc\u00fcdud asjal esinevate puuduste eest, millest ostja oli lepingu s\u00f5lmimisel teadlik v\u00f5i puuduste eest, mis on tingitud eba\u00f5igest kasutamisest v\u00f5i hooldamisest (v\u00f5la\u00f5igusseaduse \u00a7 218 lg 2, \u00a7 218 lg 4, \u00a7 220 lg 1 ja&nbsp; \u00a7 222 lg 1, \u00a7 641 lg 1, \u00a7 642 lg 2, \u00a7 644 lg 1, \u00a7 646 lg 1, \u00a7 647).<\/p>\n\n\n\n<figure class=\"wp-block-table\"><table><tbody><tr><td>\n<strong>PRETENSIOONI ESITAMISE \u00d5IGUS<\/strong>\n<\/td><td><strong>GARANTII<\/strong><\/td><\/tr><tr><td>on igal juhul 2 aastat v.a teavitatud puuduse korral<\/td><td>vabatahtlik<\/td><\/tr><tr><td>kehtib kogu asjale<\/td><td>pikkus oleneb garantiiandjast<\/td><\/tr><tr><td>puudusest peab teavitama 2 kuu jooksul<\/td><td>\u00fcldjuhul s\u00e4testatud ei ole<\/td><\/tr><tr><td>ei peatu ega pikene remondi t\u00f5ttu<\/td><td>ei pikene remondi aja v\u00f5rra&nbsp; (kui ei ole tootja garantiitingimustes teisiti)<\/td><\/tr><tr><td>olulise lepingurikkumise t\u00f5ttu saab lepingust taganeda<\/td><td>saab kasutada garantiitingimustes etten\u00e4htud \u00f5iguskaitsevahendit<\/td><\/tr><tr><td>&nbsp;<\/td><td>&nbsp;<\/td><\/tr><\/tbody><\/table><\/figure>\n","protected":false},"excerpt":{"rendered":"<p>https:\/\/www.ttja.ee\/et\/tarbijale\/puudusega-toote-tagastamine Garantii uutele varuosadele kehtib vastavalt tootjate poolsetele tingimustele. Toodetele, millele on auto valmistaja poolt etten\u00e4htud kindel vahetusv\u00e4lp (filtrid, k\u00fc\u00fcndlad jne.) l\u00fcheneb garantii auto valmistaja poolt m\u00e4\u00e4ratud l\u00e4bis\u00f5idule.1. Garantii kehtib ainult Subaruhooldus O\u00dc poolt m\u00fc\u00fcdud kaupadele.2. Garantii katab toote materjali ja valmistusvead. Garantii alla ei kuulu ekspluatatsiooni k\u00e4igus toodete normaalne kulumine (n\u00e4iteks piduriklotside loomulik kulumine).Materjali-<span class=\"read-more-faq\"><a href=\"https:\/\/epood.subaruhooldus.ee\/?page_id=16\">Read More<\/a><\/span><\/p>\n","protected":false},"author":1,"featured_media":0,"parent":0,"menu_order":4,"comment_status":"closed","ping_status":"closed","template":"","meta":{"_monsterinsights_skip_tracking":false,"_monsterinsights_sitenote_active":false,"_monsterinsights_sitenote_note":"","_monsterinsights_sitenote_category":0,"footnotes":""},"class_list":["post-16","page","type-page","status-publish","hentry"],"aioseo_notices":[],"_links":{"self":[{"href":"https:\/\/epood.subaruhooldus.ee\/index.php?rest_route=\/wp\/v2\/pages\/16","targetHints":{"allow":["GET"]}}],"collection":[{"href":"https:\/\/epood.subaruhooldus.ee\/index.php?rest_route=\/wp\/v2\/pages"}],"about":[{"href":"https:\/\/epood.subaruhooldus.ee\/index.php?rest_route=\/wp\/v2\/types\/page"}],"author":[{"embeddable":true,"href":"https:\/\/epood.subaruhooldus.ee\/index.php?rest_route=\/wp\/v2\/users\/1"}],"replies":[{"embeddable":true,"href":"https:\/\/epood.subaruhooldus.ee\/index.php?rest_route=%2Fwp%2Fv2%2Fcomments&post=16"}],"version-history":[{"count":2,"href":"https:\/\/epood.subaruhooldus.ee\/index.php?rest_route=\/wp\/v2\/pages\/16\/revisions"}],"predecessor-version":[{"id":13485,"href":"https:\/\/epood.subaruhooldus.ee\/index.php?rest_route=\/wp\/v2\/pages\/16\/revisions\/13485"}],"wp:attachment":[{"href":"https:\/\/epood.subaruhooldus.ee\/index.php?rest_route=%2Fwp%2Fv2%2Fmedia&parent=16"}],"curies":[{"name":"wp","href":"https:\/\/api.w.org\/{rel}","templated":true}]}}