{"id":14,"date":"2019-10-29T11:39:32","date_gmt":"2019-10-29T11:39:32","guid":{"rendered":"https:\/\/epood.subaruhooldus.ee\/?page_id=14"},"modified":"2025-07-14T11:27:18","modified_gmt":"2025-07-14T08:27:18","slug":"kauba-kattesaamine","status":"publish","type":"page","link":"https:\/\/epood.subaruhooldus.ee\/?page_id=14","title":{"rendered":"Kauba k\u00e4ttesaamine"},"content":{"rendered":"\n<p>Tellitud kaubale saab ise j\u00e4rele tulla v\u00f5i soovi korral saadame kaupa Eesti siseselt pakiautomaadiga (alates 4 Eur) ja kullerettev\u00f5tte vahendusel (alates 8,5 Eur).<br>Soome ja teistesse v\u00e4lisriikidesse saadame ka.<\/p>\n","protected":false},"excerpt":{"rendered":"<p>Tellitud kaubale saab ise j\u00e4rele tulla v\u00f5i soovi korral saadame kaupa Eesti siseselt pakiautomaadiga (alates 4 Eur) ja kullerettev\u00f5tte vahendusel (alates 8,5 Eur).Soome ja teistesse v\u00e4lisriikidesse saadame ka.<\/p>\n","protected":false},"author":1,"featured_media":0,"parent":0,"menu_order":3,"comment_status":"closed","ping_status":"closed","template":"","meta":{"_monsterinsights_skip_tracking":false,"_monsterinsights_sitenote_active":false,"_monsterinsights_sitenote_note":"","_monsterinsights_sitenote_category":0,"footnotes":""},"class_list":["post-14","page","type-page","status-publish","hentry"],"aioseo_notices":[],"_links":{"self":[{"href":"https:\/\/epood.subaruhooldus.ee\/index.php?rest_route=\/wp\/v2\/pages\/14","targetHints":{"allow":["GET"]}}],"collection":[{"href":"https:\/\/epood.subaruhooldus.ee\/index.php?rest_route=\/wp\/v2\/pages"}],"about":[{"href":"https:\/\/epood.subaruhooldus.ee\/index.php?rest_route=\/wp\/v2\/types\/page"}],"author":[{"embeddable":true,"href":"https:\/\/epood.subaruhooldus.ee\/index.php?rest_route=\/wp\/v2\/users\/1"}],"replies":[{"embeddable":true,"href":"https:\/\/epood.subaruhooldus.ee\/index.php?rest_route=%2Fwp%2Fv2%2Fcomments&post=14"}],"version-history":[{"count":2,"href":"https:\/\/epood.subaruhooldus.ee\/index.php?rest_route=\/wp\/v2\/pages\/14\/revisions"}],"predecessor-version":[{"id":13483,"href":"https:\/\/epood.subaruhooldus.ee\/index.php?rest_route=\/wp\/v2\/pages\/14\/revisions\/13483"}],"wp:attachment":[{"href":"https:\/\/epood.subaruhooldus.ee\/index.php?rest_route=%2Fwp%2Fv2%2Fmedia&parent=14"}],"curies":[{"name":"wp","href":"https:\/\/api.w.org\/{rel}","templated":true}]}}